{"id":2952,"date":"2021-04-16T14:41:57","date_gmt":"2021-04-16T12:41:57","guid":{"rendered":"https:\/\/www.velcorex.fr\/les-fibres-regenerees\/"},"modified":"2021-11-04T09:16:34","modified_gmt":"2021-11-04T08:16:34","slug":"die-regenerierten-fasern","status":"publish","type":"page","link":"https:\/\/www.velcorex.fr\/de\/die-regenerierten-fasern\/","title":{"rendered":"Die regenerierten Fasern"},"content":{"rendered":"\n<div class=\"wp-block-buttons is-content-justification-center is-layout-flex wp-block-buttons-is-layout-flex\">\n<div class=\"wp-block-button btn-cta btn-cta-tx\"><a class=\"wp-block-button__link\" href=\"https:\/\/www.velcorex.fr\/de\/tissutex\/\">Unsere Gewebe im Gewebe entdecken<\/a><\/div>\n<\/div>\n\n\n\n<div class=\"wp-block-group\"><div class=\"wp-block-group__inner-container is-layout-flow wp-block-group-is-layout-flow\">\n<div class=\"wp-block-columns alignfull are-vertically-aligned-center is-layout-flex wp-container-core-columns-is-layout-9d6595d7 wp-block-columns-is-layout-flex\">\n<div class=\"wp-block-column is-vertically-aligned-center is-layout-flow wp-block-column-is-layout-flow\">\n<figure class=\"wp-block-gallery columns-1 is-cropped tissage wp-block-gallery-1\"><ul class=\"blocks-gallery-grid\"><li class=\"blocks-gallery-item\"><figure><img loading=\"lazy\" decoding=\"async\" width=\"730\" height=\"680\" src=\"https:\/\/www.velcorex.fr\/wp-content\/uploads\/2021\/04\/regenerees-1.jpg\" alt=\"\" data-id=\"636\" data-full-url=\"https:\/\/www.velcorex.fr\/wp-content\/uploads\/2021\/04\/regenerees-1.jpg\" data-link=\"https:\/\/www.velcorex.fr\/les-fibres-regenerees\/regenerees-2\/\" class=\"wp-image-636\" srcset=\"https:\/\/www.velcorex.fr\/wp-content\/uploads\/2021\/04\/regenerees-1.jpg 730w, https:\/\/www.velcorex.fr\/wp-content\/uploads\/2021\/04\/regenerees-1-676x630.jpg 676w\" sizes=\"auto, (max-width: 730px) 100vw, 730px\" \/><\/figure><\/li><li class=\"blocks-gallery-item\"><figure><img loading=\"lazy\" decoding=\"async\" width=\"320\" height=\"320\" src=\"https:\/\/www.velcorex.fr\/wp-content\/uploads\/2021\/04\/echantillon-regenerees.png\" alt=\"\" data-id=\"639\" data-full-url=\"https:\/\/www.velcorex.fr\/wp-content\/uploads\/2021\/04\/echantillon-regenerees.png\" data-link=\"https:\/\/www.velcorex.fr\/les-fibres-regenerees\/echantillon-regenerees\/\" class=\"wp-image-639 is-layout-flex wp-block-gallery-is-layout-flex\" srcset=\"https:\/\/www.velcorex.fr\/wp-content\/uploads\/2021\/04\/echantillon-regenerees.png 320w, https:\/\/www.velcorex.fr\/wp-content\/uploads\/2021\/04\/echantillon-regenerees-150x150.png 150w\" sizes=\"auto, (max-width: 320px) 100vw, 320px\" \/><\/figure><\/li><\/ul><\/figure>\n<\/div>\n\n\n\n<div class=\"wp-block-column is-vertically-aligned-center is-layout-flow wp-block-column-is-layout-flow\">\n<h2 class=\"wp-block-heading\">Die regenerierten Fasern<\/h2>\n\n\n\n<h3 class=\"wp-block-heading\">Softheit und Bequemlichkeit f\u00fcr unsere Stoffe<\/h3>\n\n\n\n<p>Wir verbinden regenerierte Faser, wie Lyocell mit nat\u00fcrlichen Fasern wie Baumwolle und Leinen. Unsere Produkte werden dadurch softer und bequemer. Sie werden geschmeidig wie Seide, und bleiben flie\u00dfend in jeder Saison.\u00a0<\/p>\n\n\n\n<p>F\u00fcr einen warmen Griff mischen wir in der Winterkollektion Modal zu der Baumwolle. Das ergibt eine besondere Sanftheit, einen nat\u00fcrlichen Glanz und W\u00e4rme. Wegen ihrer w\u00e4rmeregelnden Eigenschafften, sind die regenerierten Fasern f\u00fcr alle Jahreszeiten geeignet.<\/p>\n<\/div>\n<\/div>\n<\/div><\/div>\n\n\n\n<div class=\"wp-block-group alignfull bg-anth\"><div class=\"wp-block-group__inner-container is-layout-flow wp-block-group-is-layout-flow\">\n<div class=\"wp-block-columns are-vertically-aligned-center is-layout-flex wp-container-core-columns-is-layout-9d6595d7 wp-block-columns-is-layout-flex\">\n<div class=\"wp-block-column is-vertically-aligned-center is-layout-flow wp-block-column-is-layout-flow\">\n<h3 class=\"wp-block-heading\">Nat\u00fcrliche Rohstoffe vern\u00fcnftig benutzt<\/h3>\n\n\n\n<p>Die regenerierten Fasern sind k\u00fcnstliche Fasern, die von der Verarbeitung der pflanzlichen Zellulose zu F\u00e4den erzeugt werden. Die erhaltene Faser ist ebenm\u00e4\u00dfig, geschmeidig und unendlich wiederverwertbar.<\/p>\n\n\n\n<p>Wir benutzen Tencel\u00ae und Modal\u00ae. Fasern die auch umweltfreundlich sind. Die Zellulose stammt aus der Verwertung europ\u00e4ischer Holzabf\u00e4lle, wobei diese aus nachhaltig bewirtschafteten W\u00e4ldern stammen.<\/p>\n\n\n\n<div class=\"wp-block-buttons is-layout-flex wp-block-buttons-is-layout-flex\">\n<div class=\"wp-block-button btn-light is-style-outline is-style-outline--2\"><a class=\"wp-block-button__link\" href=\"https:\/\/www.velcorex.fr\/de\/nos-engagements\/\">Velcorex setzt sich f\u00fcr die Umwelt ein<\/a><\/div>\n<\/div>\n<\/div>\n\n\n\n<div class=\"wp-block-column is-vertically-aligned-center is-layout-flow wp-block-column-is-layout-flow\">\n<figure class=\"wp-block-image size-page tissage right\"><img loading=\"lazy\" decoding=\"async\" width=\"820\" height=\"630\" src=\"https:\/\/www.velcorex.fr\/wp-content\/uploads\/2021\/04\/ressource-naturelle-820x630.jpg\" alt=\"\" class=\"wp-image-642\"\/><\/figure>\n<\/div>\n<\/div>\n<\/div><\/div>\n\n\n\n<div class=\"wp-block-group\"><div class=\"wp-block-group__inner-container is-layout-flow wp-block-group-is-layout-flow\">\n<h3 class=\"has-text-align-center center wp-block-heading\">Die Vorteile der regenerierten Faser<\/h3>\n\n\n\n<div style=\"height:30px\" aria-hidden=\"true\" class=\"wp-block-spacer\"><\/div>\n\n\n\n<div class=\"wp-block-columns is-layout-flex wp-container-core-columns-is-layout-9d6595d7 wp-block-columns-is-layout-flex\">\n<div class=\"wp-block-column is-layout-flow wp-block-column-is-layout-flow\">\n<div class=\"wp-block-image\"><figure class=\"aligncenter size-large\"><img loading=\"lazy\" decoding=\"async\" width=\"180\" height=\"180\" src=\"https:\/\/www.velcorex.fr\/wp-content\/uploads\/2021\/04\/bois.png\" alt=\"\" class=\"wp-image-292\" srcset=\"https:\/\/www.velcorex.fr\/wp-content\/uploads\/2021\/04\/bois.png 180w, https:\/\/www.velcorex.fr\/wp-content\/uploads\/2021\/04\/bois-150x150.png 150w\" sizes=\"auto, (max-width: 180px) 100vw, 180px\" \/><\/figure><\/div>\n\n\n\n<h4 class=\"has-text-align-center wp-block-heading\">Eine Verwertung der Holzabf\u00e4lle<\/h4>\n\n\n\n<p class=\"has-text-align-center\">Die Zellulose wird aus den Holzabf\u00e4llen produziert, die bei der Holzverarbeitung in Europa anfallen.<\/p>\n<\/div>\n\n\n\n<div class=\"wp-block-column is-layout-flow wp-block-column-is-layout-flow\">\n<div class=\"wp-block-image\"><figure class=\"aligncenter size-large\"><img loading=\"lazy\" decoding=\"async\" width=\"180\" height=\"180\" src=\"https:\/\/www.velcorex.fr\/wp-content\/uploads\/2021\/04\/infini.png\" alt=\"\" class=\"wp-image-293\" srcset=\"https:\/\/www.velcorex.fr\/wp-content\/uploads\/2021\/04\/infini.png 180w, https:\/\/www.velcorex.fr\/wp-content\/uploads\/2021\/04\/infini-150x150.png 150w\" sizes=\"auto, (max-width: 180px) 100vw, 180px\" \/><\/figure><\/div>\n\n\n\n<h4 class=\"has-text-align-center wp-block-heading\">Wiederverwertbar<\/h4>\n\n\n\n<p class=\"has-text-align-center\">Ungemischt benutzt, sind die regenerierten Fasern unendlich wiederverwertbar und f\u00fcgen sich in einen dauerhaften \u00f6kologischen Prozess ein.<\/p>\n<\/div>\n\n\n\n<div class=\"wp-block-column is-layout-flow wp-block-column-is-layout-flow\">\n<div class=\"wp-block-image\"><figure class=\"aligncenter size-large\"><img loading=\"lazy\" decoding=\"async\" width=\"180\" height=\"180\" src=\"https:\/\/www.velcorex.fr\/wp-content\/uploads\/2021\/04\/temperature.png\" alt=\"\" class=\"wp-image-294\" srcset=\"https:\/\/www.velcorex.fr\/wp-content\/uploads\/2021\/04\/temperature.png 180w, https:\/\/www.velcorex.fr\/wp-content\/uploads\/2021\/04\/temperature-150x150.png 150w\" sizes=\"auto, (max-width: 180px) 100vw, 180px\" \/><\/figure><\/div>\n\n\n\n<h4 class=\"has-text-align-center wp-block-heading\">W\u00e4rmeregler Stoffe<\/h4>\n\n\n\n<p class=\"has-text-align-center\">Die regenerierten Fasern regeln die K\u00f6rperfeuchtigkeit, bringen ein k\u00fchles Gef\u00fchl im Sommer und w\u00e4rmen im Winter.<\/p>\n<\/div>\n<\/div>\n<\/div><\/div>\n\n\n\n<p><\/p>\n","protected":false},"excerpt":{"rendered":"<p>Die regenerierten Fasern Softheit und Bequemlichkeit f\u00fcr unsere Stoffe Wir verbinden regenerierte Faser, wie Lyocell mit nat\u00fcrlichen Fasern wie Baumwolle und Leinen. Unsere Produkte werden dadurch softer und bequemer. Sie werden geschmeidig wie Seide, und bleiben flie\u00dfend in jeder Saison.\u00a0 F\u00fcr einen warmen Griff mischen wir in der Winterkollektion Modal zu der Baumwolle. Das ergibt [&hellip;]<\/p>\n","protected":false},"author":1,"featured_media":2416,"parent":0,"menu_order":0,"comment_status":"closed","ping_status":"closed","template":"page-produits.php","meta":{"_acf_changed":false,"_seopress_robots_primary_cat":"","_seopress_titles_title":"","_seopress_titles_desc":"Wir verbinden regenerierte Faser, wie Lyocell mit nat\u00fcrlichen Fasern wie Baumwolle und Leinen. Unsere Produkte werden dadurch softer und bequemer. Sie werden geschmeidig wie Seide, und bleiben flie\u00dfend in jeder Saison.","_seopress_robots_index":"","advgb_blocks_editor_width":"","advgb_blocks_columns_visual_guide":"","footnotes":""},"class_list":["post-2952","page","type-page","status-publish","has-post-thumbnail","hentry"],"acf":[],"coauthors":[],"author_meta":{"author_link":"https:\/\/www.velcorex.fr\/de\/author\/studiowa\/","display_name":"WA!"},"relative_dates":{"created":"Ver\u00f6ffentlicht 5\u00a0Jahren vor","modified":"Aktualisiert 4\u00a0Jahren vor"},"absolute_dates":{"created":"Ver\u00f6ffentlicht am 16. April 2021","modified":"Aktualisiert am 4. November 2021"},"absolute_dates_time":{"created":"Ver\u00f6ffentlicht am 16. April 2021 14:41","modified":"Aktualisiert am 4. November 2021 9:16"},"featured_img_caption":"","featured_img":"https:\/\/www.velcorex.fr\/wp-content\/uploads\/2021\/04\/fibres-regenerees-298654.jpg","series_order":"","_links":{"self":[{"href":"https:\/\/www.velcorex.fr\/de\/wp-json\/wp\/v2\/pages\/2952","targetHints":{"allow":["GET"]}}],"collection":[{"href":"https:\/\/www.velcorex.fr\/de\/wp-json\/wp\/v2\/pages"}],"about":[{"href":"https:\/\/www.velcorex.fr\/de\/wp-json\/wp\/v2\/types\/page"}],"author":[{"embeddable":true,"href":"https:\/\/www.velcorex.fr\/de\/wp-json\/wp\/v2\/users\/1"}],"replies":[{"embeddable":true,"href":"https:\/\/www.velcorex.fr\/de\/wp-json\/wp\/v2\/comments?post=2952"}],"version-history":[{"count":0,"href":"https:\/\/www.velcorex.fr\/de\/wp-json\/wp\/v2\/pages\/2952\/revisions"}],"wp:featuredmedia":[{"embeddable":true,"href":"https:\/\/www.velcorex.fr\/de\/wp-json\/wp\/v2\/media\/2416"}],"wp:attachment":[{"href":"https:\/\/www.velcorex.fr\/de\/wp-json\/wp\/v2\/media?parent=2952"}],"curies":[{"name":"wp","href":"https:\/\/api.w.org\/{rel}","templated":true}]}}

<div class="wp-block-buttons is-content-justification-center is-layout-flex wp-block-buttons-is-layout-flex">
<div class="wp-block-button btn-cta btn-cta-tx"><a class="wp-block-button__link" href="https://www.velcorex.fr/de/tissutex/">Unsere Gewebe im Gewebe entdecken</a></div>
</div>



<div class="wp-block-group"><div class="wp-block-group__inner-container is-layout-flow wp-block-group-is-layout-flow">
<div class="wp-block-columns alignfull are-vertically-aligned-center is-layout-flex wp-container-core-columns-is-layout-9d6595d7 wp-block-columns-is-layout-flex">
<div class="wp-block-column is-vertically-aligned-center is-layout-flow wp-block-column-is-layout-flow">
<figure class="wp-block-gallery columns-1 is-cropped tissage wp-block-gallery-1"><ul class="blocks-gallery-grid"><li class="blocks-gallery-item"><figure><img loading="lazy" decoding="async" width="730" height="680" src="https://www.velcorex.fr/wp-content/uploads/2021/04/regenerees-1.jpg" alt="" data-id="636" data-full-url="https://www.velcorex.fr/wp-content/uploads/2021/04/regenerees-1.jpg" data-link="https://www.velcorex.fr/les-fibres-regenerees/regenerees-2/" class="wp-image-636" srcset="https://www.velcorex.fr/wp-content/uploads/2021/04/regenerees-1.jpg 730w, https://www.velcorex.fr/wp-content/uploads/2021/04/regenerees-1-676x630.jpg 676w" sizes="auto, (max-width: 730px) 100vw, 730px" /></figure></li><li class="blocks-gallery-item"><figure><img loading="lazy" decoding="async" width="320" height="320" src="https://www.velcorex.fr/wp-content/uploads/2021/04/echantillon-regenerees.png" alt="" data-id="639" data-full-url="https://www.velcorex.fr/wp-content/uploads/2021/04/echantillon-regenerees.png" data-link="https://www.velcorex.fr/les-fibres-regenerees/echantillon-regenerees/" class="wp-image-639 is-layout-flex wp-block-gallery-is-layout-flex" srcset="https://www.velcorex.fr/wp-content/uploads/2021/04/echantillon-regenerees.png 320w, https://www.velcorex.fr/wp-content/uploads/2021/04/echantillon-regenerees-150x150.png 150w" sizes="auto, (max-width: 320px) 100vw, 320px" /></figure></li></ul></figure>
</div>



<div class="wp-block-column is-vertically-aligned-center is-layout-flow wp-block-column-is-layout-flow">
<h2 class="wp-block-heading">Die regenerierten Fasern</h2>



<h3 class="wp-block-heading">Softheit und Bequemlichkeit für unsere Stoffe</h3>



<p>Wir verbinden regenerierte Faser, wie Lyocell mit natürlichen Fasern wie Baumwolle und Leinen. Unsere Produkte werden dadurch softer und bequemer. Sie werden geschmeidig wie Seide, und bleiben fließend in jeder Saison. </p>



<p>Für einen warmen Griff mischen wir in der Winterkollektion Modal zu der Baumwolle. Das ergibt eine besondere Sanftheit, einen natürlichen Glanz und Wärme. Wegen ihrer wärmeregelnden Eigenschafften, sind die regenerierten Fasern für alle Jahreszeiten geeignet.</p>
</div>
</div>
</div></div>



<div class="wp-block-group alignfull bg-anth"><div class="wp-block-group__inner-container is-layout-flow wp-block-group-is-layout-flow">
<div class="wp-block-columns are-vertically-aligned-center is-layout-flex wp-container-core-columns-is-layout-9d6595d7 wp-block-columns-is-layout-flex">
<div class="wp-block-column is-vertically-aligned-center is-layout-flow wp-block-column-is-layout-flow">
<h3 class="wp-block-heading">Natürliche Rohstoffe vernünftig benutzt</h3>



<p>Die regenerierten Fasern sind künstliche Fasern, die von der Verarbeitung der pflanzlichen Zellulose zu Fäden erzeugt werden. Die erhaltene Faser ist ebenmäßig, geschmeidig und unendlich wiederverwertbar.</p>



<p>Wir benutzen Tencel® und Modal®. Fasern die auch umweltfreundlich sind. Die Zellulose stammt aus der Verwertung europäischer Holzabfälle, wobei diese aus nachhaltig bewirtschafteten Wäldern stammen.</p>



<div class="wp-block-buttons is-layout-flex wp-block-buttons-is-layout-flex">
<div class="wp-block-button btn-light is-style-outline is-style-outline--2"><a class="wp-block-button__link" href="https://www.velcorex.fr/de/nos-engagements/">Velcorex setzt sich für die Umwelt ein</a></div>
</div>
</div>



<div class="wp-block-column is-vertically-aligned-center is-layout-flow wp-block-column-is-layout-flow">
<figure class="wp-block-image size-page tissage right"><img loading="lazy" decoding="async" width="820" height="630" src="https://www.velcorex.fr/wp-content/uploads/2021/04/ressource-naturelle-820x630.jpg" alt="" class="wp-image-642"/></figure>
</div>
</div>
</div></div>



<div class="wp-block-group"><div class="wp-block-group__inner-container is-layout-flow wp-block-group-is-layout-flow">
<h3 class="has-text-align-center center wp-block-heading">Die Vorteile der regenerierten Faser</h3>



<div style="height:30px" aria-hidden="true" class="wp-block-spacer"></div>



<div class="wp-block-columns is-layout-flex wp-container-core-columns-is-layout-9d6595d7 wp-block-columns-is-layout-flex">
<div class="wp-block-column is-layout-flow wp-block-column-is-layout-flow">
<div class="wp-block-image"><figure class="aligncenter size-large"><img loading="lazy" decoding="async" width="180" height="180" src="https://www.velcorex.fr/wp-content/uploads/2021/04/bois.png" alt="" class="wp-image-292" srcset="https://www.velcorex.fr/wp-content/uploads/2021/04/bois.png 180w, https://www.velcorex.fr/wp-content/uploads/2021/04/bois-150x150.png 150w" sizes="auto, (max-width: 180px) 100vw, 180px" /></figure></div>



<h4 class="has-text-align-center wp-block-heading">Eine Verwertung der Holzabfälle</h4>



<p class="has-text-align-center">Die Zellulose wird aus den Holzabfällen produziert, die bei der Holzverarbeitung in Europa anfallen.</p>
</div>



<div class="wp-block-column is-layout-flow wp-block-column-is-layout-flow">
<div class="wp-block-image"><figure class="aligncenter size-large"><img loading="lazy" decoding="async" width="180" height="180" src="https://www.velcorex.fr/wp-content/uploads/2021/04/infini.png" alt="" class="wp-image-293" srcset="https://www.velcorex.fr/wp-content/uploads/2021/04/infini.png 180w, https://www.velcorex.fr/wp-content/uploads/2021/04/infini-150x150.png 150w" sizes="auto, (max-width: 180px) 100vw, 180px" /></figure></div>



<h4 class="has-text-align-center wp-block-heading">Wiederverwertbar</h4>



<p class="has-text-align-center">Ungemischt benutzt, sind die regenerierten Fasern unendlich wiederverwertbar und fügen sich in einen dauerhaften ökologischen Prozess ein.</p>
</div>



<div class="wp-block-column is-layout-flow wp-block-column-is-layout-flow">
<div class="wp-block-image"><figure class="aligncenter size-large"><img loading="lazy" decoding="async" width="180" height="180" src="https://www.velcorex.fr/wp-content/uploads/2021/04/temperature.png" alt="" class="wp-image-294" srcset="https://www.velcorex.fr/wp-content/uploads/2021/04/temperature.png 180w, https://www.velcorex.fr/wp-content/uploads/2021/04/temperature-150x150.png 150w" sizes="auto, (max-width: 180px) 100vw, 180px" /></figure></div>



<h4 class="has-text-align-center wp-block-heading">Wärmeregler Stoffe</h4>



<p class="has-text-align-center">Die regenerierten Fasern regeln die Körperfeuchtigkeit, bringen ein kühles Gefühl im Sommer und wärmen im Winter.</p>
</div>
</div>
</div></div>



<p></p>

<p>Die regenerierten Fasern Softheit und Bequemlichkeit für unsere Stoffe Wir verbinden regenerierte Faser, wie Lyocell mit natürlichen Fasern wie Baumwolle und Leinen. Unsere Produkte werden dadurch softer und bequemer. Sie werden geschmeidig wie Seide, und bleiben fließend in jeder Saison.  Für einen warmen Griff mischen wir in der Winterkollektion Modal zu der Baumwolle. Das ergibt [&hellip;]</p>

Wir verbinden regenerierte Faser, wie Lyocell mit natürlichen Fasern wie Baumwolle und Leinen. Unsere Produkte werden dadurch softer und bequemer. Sie werden geschmeidig wie Seide, und bleiben fließend in jeder Saison.

Veröffentlicht 5 Jahren vor

Veröffentlicht am 16. April 2021

Veröffentlicht am 16. April 2021 14:41
